or of 7623?
False
Is 144 a multiple of 24?
True
Is 14 a factor of 32550?
True
Does 47 divide 26414?
True
Is 10 a factor of 140?
True
Does 126 divide 882?
True
Does 34 divide 492?
False
Is 48 a factor of 1536?
True
Is 44 a factor of 288?
False
Is 85 a factor of 2908?
False
Is 437 even?
False
Is 14 a factor of 420?
True
Does 12 divide 31032?
True
Does 17 divide 289?
True
Is 34 a factor of 94?
False
Is 9 a factor of 207?
True
Is 21 a factor of 2331?
True
Is 21 a factor of 33306?
True
Is 116 a factor of 75632?
True
Is 50593 a multiple of 10?
False
Is 20 a factor of 1070?
False
Is 24050 a multiple of 65?
True
Is 16 a factor of 304?
True
Is 45 a multiple of 3?
True
Is 4473 a multiple of 71?
True
Does 66 divide 2375?
False
Does 32 divide 555?
False
Is 2590 a multiple of 70?
True
Is 876 a multiple of 8?
False
Is 40861 a multiple of 159?
False
Is 59 a multiple of 18?
False
Is 1672 a multiple of 8?
True
Is 6288 a multiple of 24?
True
Is 175 a factor of 14350?
True
Is 4 a factor of 4713?
False
Does 12 divide 1008?
True
Is 169 a factor of 55870?
False
Does 23 divide 21712?
True
Is 16 a factor of 240?
True
Is 26 a factor of 650?
True
Is 48 a factor of 49152?
True
Is 1118 a multiple of 16?
False
Does 10 divide 11462?
False
Is 252 a multiple of 12?
True
Is 22320 a multiple of 60?
True
Does 56 divide 10584?
True
Does 15 divide 7620?
True
Is 3389 a multiple of 31?
False
Does 56 divide 3416?
True
Does 10 divide 900?
True
Is 252 a multiple of 6?
True
Does 5 divide 4530?
True
Is 99 a factor of 19283?
False
Is 6 a factor of 490?
False
Does 34 divide 80?
False
Does 81 divide 3807?
True
Is 31 a factor of 42439?
True
Is 1690 a multiple of 126?
False
Is 13 a factor of 3250?
True
Is 12469 a multiple of 103?
False
Does 88 divide 94885?
False
Is 20 a factor of 300?
True
Is 4 a factor of 60?
True
Is 18 a factor of 1843?
False
Does 5 divide 105?
True
Is 5152 a multiple of 19?
False
Does 2 divide 9548?
True
Is 8 a factor of 4840?
True
Does 18 divide 90?
True
Is 130 a factor of 780?
True
Is 66 a multiple of 16?
False
Does 72 divide 2532?
False
Is 5084 a multiple of 82?
True
Does 13 divide 6084?
True
Is 10664 a multiple of 16?
False
Is 4200 a multiple of 10?
True
Is 7436 a multiple of 11?
True
Is 48 a factor of 2733?
False
Is 1388 a multiple of 26?
False
Does 3 divide 6559?
False
Is 108385 a multiple of 335?
False
Is 8268 a multiple of 156?
True
Is 14 a factor of 882?
True
Does 2 divide 508?
True
Does 11 divide 2226?
False
Does 4 divide 2597?
False
Is 129162 a multiple of 19?
True
Is 56617 a multiple of 117?
False
Is 592 a multiple of 8?
True
Is 18 a factor of 80353?
False
Is 29114 a multiple of 86?
False
Is 102 a factor of 6061?
False
Is 696 a multiple of 24?
True
Does 97 divide 582?
True
Is 792 a multiple of 3?
True
Is 11 a factor of 11011?
True
Is 1717 a multiple of 101?
True
Does 12 divide 17748?
True
Does 9 divide 12663?
True
Is 112 a multiple of 28?
True
Does 42 divide 16128?
True
Is 15931 a multiple of 27?
False
Does 23 divide 75?
False
Is 3135 a multiple of 7?
False
Is 23 a factor of 9678?
False
Is 37 a factor of 3034?
True
Is 33 a factor of 307?
False
Does 7 divide 13203?
False
Is 756 a multiple of 54?
True
Is 24 a factor of 1082?
False
Does 25 divide 4876?
False
Does 3 divide 399?
True
Does 56 divide 6752?
False
Is 10 a factor of 709?
False
Is 106 a multiple of 3?
False
Is 63533 a multiple of 248?
False
Is 1764 a multiple of 98?
True
Is 271 a multiple of 6?
False
Does 2 divide 1759?
False
Is 10104 a multiple of 6?
True
Is 41 a multiple of 5?
False
Is 21606 a multiple of 78?
True
Does 6 divide 408?
True
Is 22 a factor of 30558?
True
Is 33 a factor of 437?
False
Is 13 a factor of 1893?
False
Is 988 a multiple of 52?
True
Is 3692 a multiple of 7?
False
Is 16 a factor of 78?
False
Does 5 divide 803?
False
Is 132 a factor of 68701?
False
Is 402 a multiple of 64?
False
Does 2 divide 393?
False
Does 82 divide 5576?
True
Is 20513 a multiple of 43?
False
Is 6634 a multiple of 107?
True
Is 218 a factor of 85020?
True
Is 5947 a multiple of 41?
False
Is 9382 a multiple of 46?
False
Is 41 a factor of 10917?
False
Does 266 divide 95760?
True
Is 18544 a multiple of 61?
True
Is 11 a factor of 2279?
False
Is 12227 a multiple of 47?
False
Is 4 a factor of 1065?
False
Is 95 a factor of 828?
False
Is 168 a factor of 19820?
False
Is 20280 a multiple of 24?
True
Does 39 divide 5404?
False
Does 76 divide 39912?
False
Does 206 divide 1760?
False
Is 33857 a multiple of 195?
False
Is 25048 a multiple of 101?
True
Does 94 divide 752?
True
Is 14208 a multiple of 139?
False
Is 13 a factor of 30290?
True
Is 12 a factor of 68460?
True
Is 7 a factor of 25879?
True
Is 9248 a multiple of 17?
True
Is 9 a factor of 25893?
True
Does 27 divide 310?
False
Is 602 a multiple of 14?
True
Does 123 divide 18769?
False
Does 9 divide 79398?
True
Is 18 a factor of 2099?
False
Is 3 a factor of 9633?
True
Is 850 a multiple of 17?
True
Does 14 divide 15022?
True
Is 810 a multiple of 51?
False
Is 112 a multiple of 16?
True
Does 192 divide 6261?
False
Is 21 a factor of 1433?
False
Is 2988 a multiple of 18?
True
Does 37 divide 664?
False
Does 17 divide 14654?
True
Is 8442 a multiple of 9?
True
Does 134 divide 1552?
False
Is 83 a factor of 26477?
True
Is 54060 a multiple of 51?
True
Is 57 a factor of 51810?
False
Is 22707 a multiple of 27?
True
Is 5 a factor of 935?
True
Is 25 a factor of 1125?
True
Is 227 a factor of 60051?
False
Is 137 a factor of 5626?
False
Does 5 divide 169?
False
Is 123 a factor of 16605?
True
Is 38 a factor of 418?
True
Does 67 divide 1657?
False
Does 13 divide 8973?
False
Is 331 a factor of 53953?
True
Does 31 divide 2923?
False
Is 5 a factor of 600?
True
Is 23 a factor of 48668?
True
Is 143 a multiple of 3?
False
Is 2681 a multiple of 131?
False
Does 88 divide 1231?
False
Is 804 a multiple of 6?
True
Is 954 a multiple of 18?
True
Does 11 divide 5839?
False
Is 68 a factor of 94996?
True
Is 2311 a multiple of 11?
False
Is 30159 a multiple of 27?
True
Is 1544 a multiple of 6?
False
Is 1363 a multiple of 28?
False
Is 486 a multiple of 9?
True
Does 81 divide 2670?
False
Is 1262 a multiple of 9?
False
Does 5 divide 165?
True
Is 4599 a multiple of 7?
True
Is 231 a multiple of 32?
False
Is 103 a factor of 7931?
True
Is 27 a factor of 12014?
False
Is 9 a factor of 46617?
False
Is 53162 a multiple of 213?
False
Is 6 a factor of 6327?
False
Does 24 divide 53280?
True
Is 23016 a multiple of 168?
True
Is 3542 a multiple of 9?
False
Is 83569 a multiple of 193?
True
Is 823 a multiple of 18?
False
Does 58 divide 44094?
False
Is 20 a factor of 143?
False
Does 8 divide 24366?
False
Does 24 divide 2166?
False
Is 218 even?
True
Is 5512 a multiple of 26?
True
Does 16 divide 43841?
False
Is 162 a factor of 37166?
False
Is 36 a factor of 24372?
True
Does 41 divide 42341?
False
Does 38 divide 2090?
True
Is 10 a factor of 54129?
False
Is 96 a factor of 2496?
True
Does 4 divide 155?
False
Is 24129 a multiple of 270?
False
Does 17 divide 5193?
False
Is 11 a factor of 3069?
True
Is 852 a multiple of 6?
True
Is 18 a factor of 15516?
True
Is 464 a multiple of 58?
True
Is 20 a factor of 2600?
True
Does 271 divide 29810?
True
Does 47 divide 1645?
True
Is 22792 a multiple of 74?
True
Is 12114 a multiple of 9?
True
Does 7 divide 3717?
True
Does 4 divide 12009?
False
Does 29 divide 899?
True
Does 46 divide 102069?
False
Is 24 a factor of 90024?
True
Is 30 a factor of 1801?
False
Is 494 a multiple of 9?
False
Is 271 a multiple of 2?
False
Is 2621 a multiple of 91?
False
Is 4092 a multiple of 44?
True
Does 60 divide 4920?
True
Is 729 a multiple of 81?
True
Is 11 a factor of 143?
True
Is 3977 a multiple of 5?
False
Is 62777 a multiple of 143?
True
Is 9393 a multiple of 93?
True
Is 215 a multiple of 14?
False
Does 46 divide 51796?
True
Does 20 divide 1167?
False
Does 181 divide 58463?
True
Is 531 a multiple of 9?
True
Is 56 a factor of 3472?
True
Is 323 a multiple of 17?
True
Does 42 divide 4536?
True
Does 10 divide 700?
True
Is 27 a factor of 405?
True
Is 9 a factor of 19140?
False
Is 10 a factor of 101640?
True
Is 3 a factor of 541?
False
Is 308 a multiple of 7?
True
Does 43 divide 7870?
False
Does 109 divide 74923?
False
Is 22 a factor of 7788?
True
Does 62 divide 13144?
True
Is 28 a factor of 16700?
False
Does 52 divide 78